{"id":1009,"date":"2021-10-29T11:54:05","date_gmt":"2021-10-29T08:54:05","guid":{"rendered":"https:\/\/kits.themecy.com\/learn\/?page_id=5"},"modified":"2025-03-28T18:27:00","modified_gmt":"2025-03-28T16:27:00","slug":"elementor-5","status":"publish","type":"page","link":"https:\/\/operaatiolibero.fi\/","title":{"rendered":"Etusivu"},"content":{"rendered":"<div class=\"libero-hero\">&nbsp;<\/div>\n\n<style>.kb-row-layout-id1009_a44e5f-f8 > .kt-row-column-wrap{align-content:start;}:where(.kb-row-layout-id1009_a44e5f-f8 > .kt-row-column-wrap) > .wp-block-kadence-column{justify-content:start;}.kb-row-layout-id1009_a44e5f-f8 > .kt-row-column-wrap{column-gap:var(--global-kb-gap-md, 2rem);row-gap:var(--global-kb-gap-md, 2rem);max-width:var( --global-content-width, 1290px );padding-left:var(--global-content-edge-padding);padding-right:var(--global-content-edge-padding);padding-top:var(--global-kb-spacing-sm, 1.5rem);padding-bottom:var(--global-kb-spacing-sm, 1.5rem);grid-template-columns:minmax(0, 65%) minmax(0, 35%);}.kb-row-layout-id1009_a44e5f-f8 > .kt-row-layout-overlay{opacity:0.30;}@media all and (max-width: 1024px){.kb-row-layout-id1009_a44e5f-f8 > .kt-row-column-wrap{grid-template-columns:repeat(2, minmax(0, 1fr));}}@media all and (max-width: 767px){.kb-row-layout-id1009_a44e5f-f8 > .kt-row-column-wrap{grid-template-columns:minmax(0, 1fr);}}<\/style><div class=\"kb-row-layout-wrap kb-row-layout-id1009_a44e5f-f8 alignnone wp-block-kadence-rowlayout\"><div class=\"kt-row-column-wrap kt-has-2-columns kt-row-layout-equal kt-tab-layout-inherit kt-mobile-layout-row kt-row-valign-top kb-theme-content-width\">\n<style>.kadence-column1009_2ae5a5-d9 > .kt-inside-inner-col,.kadence-column1009_2ae5a5-d9 > .kt-inside-inner-col:before{border-top-left-radius:0px;border-top-right-radius:0px;border-bottom-right-radius:0px;border-bottom-left-radius:0px;}.kadence-column1009_2ae5a5-d9 > .kt-inside-inner-col:before{opacity:0.3;}.kadence-column1009_2ae5a5-d9{position:relative;}<\/style>\n<div class=\"wp-block-kadence-column kadence-column1009_2ae5a5-d9 inner-column-1\"><div class=\"kt-inside-inner-col\">\n<h2 class=\"wp-block-heading\">Avoimen yhteiskunnan puolesta<\/h2>\n\n\n\n<p style=\"font-size:20px\"><strong>Suomen Operaatio Libero ry<\/strong> puolustaa Suomen liberaalia demokratiaa, pohjoismaista hyvinvointiyhteiskuntaa sek\u00e4 eurooppalaista, kansainv\u00e4list\u00e4 avointa yhteiskuntaa. Liberon Suomi nojaa humaaniin sivistysperustaan.<\/p>\n\n\n\n<p style=\"font-size:20px\">Operaatio Libero on puoluepoliittisesti sitoutumaton rekister\u00f6ity yhdistys, joka katsoo tulevaisuuteen toiveikkaasti. Teemme uusia avauksia yhteiskunnalliseen keskusteluun ruohonjuuritasolta valtakunnanpolitiikkaan asti.<\/p>\n\n\n\n<p style=\"font-size:20px\">Edist\u00e4mme tasa-arvoa ja nostamme esiin uusia n\u00e4k\u00f6kulmia nettikeskusteluissa.<\/p>\n<\/div><\/div>\n\n\n<style>.kadence-column1009_7af423-c4 > .kt-inside-inner-col,.kadence-column1009_7af423-c4 > .kt-inside-inner-col:before{border-top-left-radius:0px;border-top-right-radius:0px;border-bottom-right-radius:0px;border-bottom-left-radius:0px;}.kadence-column1009_7af423-c4 > .kt-inside-inner-col:before{opacity:0.3;}.kadence-column1009_7af423-c4{position:relative;}<\/style>\n<div class=\"wp-block-kadence-column kadence-column1009_7af423-c4 inner-column-2\"><div class=\"kt-inside-inner-col\">\n<figure class=\"wp-block-image size-full\"><img loading=\"lazy\" decoding=\"async\" width=\"803\" height=\"960\" src=\"https:\/\/operaatiolibero.fi\/wp-content\/uploads\/2023\/05\/mediadetox-leijona.jpg\" alt=\"\" class=\"wp-image-1140\" srcset=\"https:\/\/operaatiolibero.fi\/wp-content\/uploads\/2023\/05\/mediadetox-leijona.jpg 803w, https:\/\/operaatiolibero.fi\/wp-content\/uploads\/2023\/05\/mediadetox-leijona-251x300.jpg 251w, https:\/\/operaatiolibero.fi\/wp-content\/uploads\/2023\/05\/mediadetox-leijona-768x918.jpg 768w\" sizes=\"auto, (max-width: 803px) 100vw, 803px\" \/><\/figure>\n<\/div><\/div>\n\n<\/div><\/div>\n\n<style>.kb-row-layout-id1009_d5818d-ec > .kt-row-column-wrap{align-content:start;}:where(.kb-row-layout-id1009_d5818d-ec > .kt-row-column-wrap) > .wp-block-kadence-column{justify-content:start;}.kb-row-layout-id1009_d5818d-ec > .kt-row-column-wrap{column-gap:var(--global-kb-gap-md, 2rem);row-gap:var(--global-kb-gap-md, 2rem);padding-top:var(--global-kb-spacing-sm, 1.5rem);padding-bottom:var(--global-kb-spacing-sm, 1.5rem);grid-template-columns:minmax(0, 1fr);}.kb-row-layout-id1009_d5818d-ec > .kt-row-layout-overlay{opacity:0.30;}@media all and (max-width: 1024px){.kb-row-layout-id1009_d5818d-ec > .kt-row-column-wrap{grid-template-columns:minmax(0, 1fr);}}@media all and (max-width: 767px){.kb-row-layout-id1009_d5818d-ec > .kt-row-column-wrap{grid-template-columns:minmax(0, 1fr);}}<\/style><div class=\"kb-row-layout-wrap kb-row-layout-id1009_d5818d-ec alignnone wp-block-kadence-rowlayout\"><div class=\"kt-row-column-wrap kt-has-1-columns kt-row-layout-equal kt-tab-layout-inherit kt-mobile-layout-row kt-row-valign-top\">\n<style>.kadence-column1009_df26fc-9f > .kt-inside-inner-col{min-height:0px;}.kadence-column1009_df26fc-9f > .kt-inside-inner-col,.kadence-column1009_df26fc-9f > .kt-inside-inner-col:before{border-top-left-radius:0px;border-top-right-radius:0px;border-bottom-right-radius:0px;border-bottom-left-radius:0px;}.kadence-column1009_df26fc-9f > .kt-inside-inner-col:before{opacity:0.3;}.kadence-column1009_df26fc-9f{position:relative;}<\/style>\n<div class=\"wp-block-kadence-column kadence-column1009_df26fc-9f\"><div class=\"kt-inside-inner-col\"><div class=\"wp-block-image is-style-default\">\n<figure class=\"aligncenter size-large\"><a href=\"https:\/\/mediadetox.fi\/\"><img loading=\"lazy\" decoding=\"async\" width=\"1024\" height=\"205\" src=\"https:\/\/operaatiolibero.fi\/wp-content\/uploads\/2024\/01\/mediadetox-banneri-1024x205.jpg\" alt=\"\" class=\"wp-image-1189\" style=\"object-fit:cover\" srcset=\"https:\/\/operaatiolibero.fi\/wp-content\/uploads\/2024\/01\/mediadetox-banneri-1024x205.jpg 1024w, https:\/\/operaatiolibero.fi\/wp-content\/uploads\/2024\/01\/mediadetox-banneri-300x60.jpg 300w, https:\/\/operaatiolibero.fi\/wp-content\/uploads\/2024\/01\/mediadetox-banneri-768x154.jpg 768w, https:\/\/operaatiolibero.fi\/wp-content\/uploads\/2024\/01\/mediadetox-banneri.jpg 1185w\" sizes=\"auto, (max-width: 1024px) 100vw, 1024px\" \/><\/a><\/figure>\n<\/div><\/div><\/div>\n\n<\/div><\/div>\n\n<style>.kb-row-layout-id1009_1add85-1c > .kt-row-column-wrap{align-content:start;}:where(.kb-row-layout-id1009_1add85-1c > .kt-row-column-wrap) > .wp-block-kadence-column{justify-content:start;}.kb-row-layout-id1009_1add85-1c > .kt-row-column-wrap{column-gap:var(--global-kb-gap-lg, 4rem);row-gap:var(--global-kb-gap-md, 2rem);max-width:var( --global-content-width, 1290px );padding-left:var(--global-content-edge-padding);padding-right:var(--global-content-edge-padding);padding-top:var(--global-kb-spacing-sm, 1.5rem);padding-bottom:var(--global-kb-spacing-sm, 1.5rem);grid-template-columns:minmax(0, 60%) minmax(0, 40%);}.kb-row-layout-id1009_1add85-1c > .kt-row-layout-overlay{opacity:0.30;}.kb-row-layout-id1009_1add85-1c .kt-row-layout-bottom-sep{height:100px;}.kb-row-layout-id1009_1add85-1c .kt-row-layout-bottom-sep svg{width:100%;}.kb-row-layout-id1009_1add85-1c .kt-row-layout-bottom-sep svg{fill:#ffffff!important;}@media all and (max-width: 1024px){.kb-row-layout-id1009_1add85-1c > .kt-row-column-wrap{padding-top:25px;grid-template-columns:repeat(2, minmax(0, 1fr));}}@media all and (max-width: 1024px){.kb-row-layout-id1009_1add85-1c .kt-row-layout-bottom-sep{height:px;}}@media all and (max-width: 1024px){.kb-row-layout-id1009_1add85-1c .kt-row-layout-bottom-sep svg{width:%;}}@media all and (max-width: 767px){.kb-row-layout-id1009_1add85-1c > .kt-row-column-wrap{grid-template-columns:minmax(0, 1fr);}.kb-row-layout-id1009_1add85-1c .kt-row-layout-bottom-sep{height:px;}.kb-row-layout-id1009_1add85-1c .kt-row-layout-bottom-sep svg{width:%;}}<\/style><div class=\"kb-row-layout-wrap kb-row-layout-id1009_1add85-1c alignnone wp-block-kadence-rowlayout\"><div class=\"kt-row-column-wrap kt-has-2-columns kt-row-layout-equal kt-tab-layout-inherit kt-mobile-layout-row kt-row-valign-top kb-theme-content-width\">\n<style>.kadence-column1009_61e200-12 > .kt-inside-inner-col,.kadence-column1009_61e200-12 > .kt-inside-inner-col:before{border-top-left-radius:0px;border-top-right-radius:0px;border-bottom-right-radius:0px;border-bottom-left-radius:0px;}.kadence-column1009_61e200-12 > .kt-inside-inner-col:before{opacity:0.3;}.kadence-column1009_61e200-12{position:relative;}<\/style>\n<div class=\"wp-block-kadence-column kadence-column1009_61e200-12 inner-column-1\"><div class=\"kt-inside-inner-col\">\n<figure class=\"wp-block-image size-large\"><img decoding=\"async\" src=\"\/wp-content\/uploads\/2023\/05\/friendship-collage-v2.jpg\" alt=\"\"\/><\/figure>\n<\/div><\/div>\n\n\n<style>.kadence-column1009_942839-42 > .kt-inside-inner-col,.kadence-column1009_942839-42 > .kt-inside-inner-col:before{border-top-left-radius:0px;border-top-right-radius:0px;border-bottom-right-radius:0px;border-bottom-left-radius:0px;}.kadence-column1009_942839-42 > .kt-inside-inner-col{display:flex;flex-direction:row;flex-wrap:wrap;align-items:center;gap:10px;}.kadence-column1009_942839-42 > .kt-inside-inner-col > *, .kadence-column1009_942839-42 > .kt-inside-inner-col > figure.wp-block-image, .kadence-column1009_942839-42 > .kt-inside-inner-col > figure.wp-block-kadence-image{margin-top:0px;margin-bottom:0px;}.kadence-column1009_942839-42 > .kt-inside-inner-col:before{opacity:0.3;}.kadence-column1009_942839-42{position:relative;}@media all and (max-width: 1024px){.kadence-column1009_942839-42 > .kt-inside-inner-col{gap:10px;}}@media all and (min-width: 768px) and (max-width: 1024px){.kadence-column1009_942839-42 > .kt-inside-inner-col > *, .kadence-column1009_942839-42 > .kt-inside-inner-col > figure.wp-block-image, .kadence-column1009_942839-42 > .kt-inside-inner-col > figure.wp-block-kadence-image{margin-top:0px;margin-bottom:0px;}}@media all and (max-width: 767px){.kadence-column1009_942839-42 > .kt-inside-inner-col{gap:10px;}.kadence-column1009_942839-42 > .kt-inside-inner-col > *, .kadence-column1009_942839-42 > .kt-inside-inner-col > figure.wp-block-image, .kadence-column1009_942839-42 > .kt-inside-inner-col > figure.wp-block-kadence-image{margin-top:0px;margin-bottom:0px;}}<\/style>\n<div class=\"wp-block-kadence-column kadence-column1009_942839-42 kb-section-dir-horizontal inner-column-2\"><div class=\"kt-inside-inner-col\">\n<h2 class=\"wp-block-heading\">SOME VOI LUODA YST\u00c4VYYTT\u00c4 YLI RAJOJEN<\/h2>\n\n\n\n<p>Meist\u00e4 tuli yst\u00e4vi\u00e4 Operaatio Liberon kautta. <\/p>\n\n\n\n<p>Kuuntele <a href=\"https:\/\/youtu.be\/mSCGca_djWM\" target=\"_blank\" rel=\"noreferrer noopener\">Operaatio Liberon podcast<\/a>. <\/p>\n\n\n\n<p>Rakenna Liberoa kanssamme. Liity j\u00e4seneksi ja aktivoidu! <\/p>\n\n\n<style>.wp-block-kadence-advancedbtn.kb-btns1009_78e62c-d7{gap:var(--global-kb-gap-xs, 0.5rem );justify-content:center;align-items:center;}.kt-btns1009_78e62c-d7 .kt-button{font-weight:normal;font-style:normal;}<\/style>\n<div class=\"wp-block-kadence-advancedbtn kb-buttons-wrap kb-btns1009_78e62c-d7\"><style>ul.menu .wp-block-kadence-advancedbtn .kb-btn1009_d15db6-e6.kb-button{width:initial;}.wp-block-kadence-advancedbtn .kb-btn1009_d15db6-e6.kb-button{font-style:normal;font-weight:normal;}<\/style><a class=\"kb-button kt-button button kb-btn1009_d15db6-e6 kt-btn-size-standard kt-btn-width-type-auto kb-btn-global-inherit kt-btn-has-text-true kt-btn-has-svg-false wp-block-button__link wp-block-kadence-singlebtn\" href=\"\/index.php\/liity-jaseneksi\/\"><span class=\"kt-btn-inner-text\">Liity j\u00e4seneksi<\/span><\/a><\/div>\n\n\n\n<p><\/p>\n\n\n\n<p><\/p>\n<\/div><\/div>\n\n<\/div><\/div>\n\n<style>.kb-row-layout-id1009_7a3437-a2 > .kt-row-column-wrap{align-content:start;}:where(.kb-row-layout-id1009_7a3437-a2 > .kt-row-column-wrap) > .wp-block-kadence-column{justify-content:start;}.kb-row-layout-id1009_7a3437-a2 > .kt-row-column-wrap{column-gap:var(--global-kb-gap-md, 2rem);row-gap:var(--global-kb-gap-md, 2rem);max-width:var( --global-content-width, 1290px );padding-left:var(--global-content-edge-padding);padding-right:var(--global-content-edge-padding);padding-top:var(--global-kb-spacing-sm, 1.5rem);padding-bottom:var(--global-kb-spacing-sm, 1.5rem);grid-template-columns:minmax(0, 55%) minmax(0, 45%);}.kb-row-layout-id1009_7a3437-a2 > .kt-row-layout-overlay{opacity:0.30;}@media all and (max-width: 1024px){.kb-row-layout-id1009_7a3437-a2 > .kt-row-column-wrap{grid-template-columns:repeat(2, minmax(0, 1fr));}}@media all and (max-width: 767px){.kb-row-layout-id1009_7a3437-a2 > .kt-row-column-wrap{grid-template-columns:minmax(0, 1fr);}}<\/style><div class=\"kb-row-layout-wrap kb-row-layout-id1009_7a3437-a2 alignnone wp-block-kadence-rowlayout\"><div class=\"kt-row-column-wrap kt-has-2-columns kt-row-layout-equal kt-tab-layout-inherit kt-mobile-layout-row kt-row-valign-top kb-theme-content-width\">\n<style>.kadence-column1009_9a5de9-be > .kt-inside-inner-col,.kadence-column1009_9a5de9-be > .kt-inside-inner-col:before{border-top-left-radius:0px;border-top-right-radius:0px;border-bottom-right-radius:0px;border-bottom-left-radius:0px;}.kadence-column1009_9a5de9-be > .kt-inside-inner-col:before{opacity:0.3;}.kadence-column1009_9a5de9-be{position:relative;}<\/style>\n<div class=\"wp-block-kadence-column kadence-column1009_9a5de9-be inner-column-1\"><div class=\"kt-inside-inner-col\">\n<p style=\"font-size:20px\">Libero kampanjoi verkkoalustoillaan (Twitter, Instagram, Youtube, Facebook) ja t\u00e4ll\u00e4 sivustolla. Facebookissa yhteis\u00f6mme on <a href=\"https:\/\/www.facebook.com\/Mediataitokurssi\" target=\"_blank\" rel=\"noreferrer noopener\">Suomen Operaatio Liberon MediaDetox<\/a>. Luomme omaa materiaalia, kirjoituksia, podcasteja ja videoita ja jaamme muiden tekem\u00e4\u00e4 materiaalia. Meid\u00e4t voi bongata vaikkapa miekkareista \u2013 ja se n\u00e4kem\u00e4si n\u00e4pp\u00e4r\u00e4 meemi saattoi olla l\u00e4ht\u00f6isin Liberon ideapajalta.<br><br>Teemme yhteisty\u00f6t\u00e4 samoihin arvoihin nojaavien tahojen kanssa. T\u00e4rkeit\u00e4 yhteisty\u00f6kumppaneitamme ovat <a href=\"https:\/\/faktabaari.fi\/\" target=\"_blank\" rel=\"noreferrer noopener\">Faktabaari<\/a>, <a href=\"https:\/\/www.sitra.fi\/en\/\" target=\"_blank\" rel=\"noreferrer noopener\">Sitra<\/a>, <a href=\"https:\/\/www.kriittinenkorkeakoulu.fi\/\" target=\"_blank\" rel=\"noreferrer noopener\">Kriittinen korkeakoulu<\/a> ja <a href=\"https:\/\/fingo.fi\/\" target=\"_blank\" rel=\"noreferrer noopener\">Fingo<\/a>.<br><br>Toimimme vapaaehtoisvoimin verkossa ja paikan p\u00e4\u00e4ll\u00e4 Helsingiss\u00e4, Tampereella ja Kymenlaaksossa.<\/p>\n<\/div><\/div>\n\n\n<style>.kadence-column1009_ca17fe-07 > .kt-inside-inner-col,.kadence-column1009_ca17fe-07 > .kt-inside-inner-col:before{border-top-left-radius:0px;border-top-right-radius:0px;border-bottom-right-radius:0px;border-bottom-left-radius:0px;}.kadence-column1009_ca17fe-07 > .kt-inside-inner-col:before{opacity:0.3;}.kadence-column1009_ca17fe-07{position:relative;}<\/style>\n<div class=\"wp-block-kadence-column kadence-column1009_ca17fe-07 inner-column-2\"><div class=\"kt-inside-inner-col\">\n<figure class=\"wp-block-image size-large\"><img loading=\"lazy\" decoding=\"async\" width=\"1024\" height=\"1015\" src=\"https:\/\/operaatiolibero.fi\/wp-content\/uploads\/2023\/01\/IMG_2197-1024x1015.jpg\" alt=\"\" class=\"wp-image-43\" srcset=\"https:\/\/operaatiolibero.fi\/wp-content\/uploads\/2023\/01\/IMG_2197-1024x1015.jpg 1024w, https:\/\/operaatiolibero.fi\/wp-content\/uploads\/2023\/01\/IMG_2197-300x297.jpg 300w, https:\/\/operaatiolibero.fi\/wp-content\/uploads\/2023\/01\/IMG_2197-150x150.jpg 150w, https:\/\/operaatiolibero.fi\/wp-content\/uploads\/2023\/01\/IMG_2197-768x761.jpg 768w, https:\/\/operaatiolibero.fi\/wp-content\/uploads\/2023\/01\/IMG_2197.jpg 1124w\" sizes=\"auto, (max-width: 1024px) 100vw, 1024px\" \/><\/figure>\n<\/div><\/div>\n\n<\/div><\/div>\n\n<style>.kb-row-layout-id1009_1bf966-a2 > .kt-row-column-wrap{align-content:start;}:where(.kb-row-layout-id1009_1bf966-a2 > .kt-row-column-wrap) > .wp-block-kadence-column{justify-content:start;}.kb-row-layout-id1009_1bf966-a2 > .kt-row-column-wrap{column-gap:var(--global-kb-gap-md, 2rem);row-gap:var(--global-kb-gap-md, 2rem);max-width:var( --global-content-width, 1290px );padding-left:var(--global-content-edge-padding);padding-right:var(--global-content-edge-padding);padding-top:var(--global-kb-spacing-sm, 1.5rem);padding-bottom:var(--global-kb-spacing-sm, 1.5rem);grid-template-columns:minmax(0, 1fr);}.kb-row-layout-id1009_1bf966-a2 > .kt-row-layout-overlay{opacity:0.30;}@media all and (max-width: 1024px){.kb-row-layout-id1009_1bf966-a2 > .kt-row-column-wrap{grid-template-columns:minmax(0, 1fr);}}@media all and (max-width: 767px){.kb-row-layout-id1009_1bf966-a2 > .kt-row-column-wrap{grid-template-columns:minmax(0, 1fr);}}<\/style><div class=\"kb-row-layout-wrap kb-row-layout-id1009_1bf966-a2 alignwide wp-block-kadence-rowlayout\"><div class=\"kt-row-column-wrap kt-has-1-columns kt-row-layout-equal kt-tab-layout-inherit kt-mobile-layout-row kt-row-valign-top kb-theme-content-width\">\n<style>.kadence-column1009_777349-f1 > .kt-inside-inner-col,.kadence-column1009_777349-f1 > .kt-inside-inner-col:before{border-top-left-radius:0px;border-top-right-radius:0px;border-bottom-right-radius:0px;border-bottom-left-radius:0px;}.kadence-column1009_777349-f1 > .kt-inside-inner-col:before{opacity:0.3;}.kadence-column1009_777349-f1{position:relative;}<\/style>\n<div class=\"wp-block-kadence-column kadence-column1009_777349-f1 inner-column-1\"><div class=\"kt-inside-inner-col\">\n<figure class=\"wp-block-image alignwide size-large is-style-default maxwidth\"><img loading=\"lazy\" decoding=\"async\" width=\"1024\" height=\"183\" src=\"https:\/\/operaatiolibero.fi\/wp-content\/uploads\/2023\/05\/sarjakuva-1rivi-v2-1024x183.jpg\" alt=\"Mit\u00e4 Libero ei ole\" class=\"wp-image-1155\" srcset=\"https:\/\/operaatiolibero.fi\/wp-content\/uploads\/2023\/05\/sarjakuva-1rivi-v2-1024x183.jpg 1024w, https:\/\/operaatiolibero.fi\/wp-content\/uploads\/2023\/05\/sarjakuva-1rivi-v2-300x54.jpg 300w, https:\/\/operaatiolibero.fi\/wp-content\/uploads\/2023\/05\/sarjakuva-1rivi-v2-768x138.jpg 768w, https:\/\/operaatiolibero.fi\/wp-content\/uploads\/2023\/05\/sarjakuva-1rivi-v2-1536x275.jpg 1536w, https:\/\/operaatiolibero.fi\/wp-content\/uploads\/2023\/05\/sarjakuva-1rivi-v2.jpg 1597w\" sizes=\"auto, (max-width: 1024px) 100vw, 1024px\" \/><figcaption class=\"wp-element-caption\">Mit\u00e4 Libero ei ole<\/figcaption><\/figure>\n<\/div><\/div>\n\n<\/div><\/div>\n\n<style>.kb-row-layout-id1009_a264eb-ea > .kt-row-column-wrap{align-content:start;}:where(.kb-row-layout-id1009_a264eb-ea > .kt-row-column-wrap) > .wp-block-kadence-column{justify-content:start;}.kb-row-layout-id1009_a264eb-ea > .kt-row-column-wrap{column-gap:var(--global-kb-gap-md, 2rem);row-gap:var(--global-kb-gap-md, 2rem);padding-top:var(--global-kb-spacing-sm, 1.5rem);padding-bottom:var(--global-kb-spacing-sm, 1.5rem);grid-template-columns:repeat(2, minmax(0, 1fr));}.kb-row-layout-id1009_a264eb-ea > .kt-row-layout-overlay{opacity:0.30;}@media all and (max-width: 1024px){.kb-row-layout-id1009_a264eb-ea > .kt-row-column-wrap{grid-template-columns:repeat(2, minmax(0, 1fr));}}@media all and (max-width: 767px){.kb-row-layout-id1009_a264eb-ea > .kt-row-column-wrap{grid-template-columns:minmax(0, 1fr);}}<\/style><div class=\"kb-row-layout-wrap kb-row-layout-id1009_a264eb-ea alignnone wp-block-kadence-rowlayout\"><div class=\"kt-row-column-wrap kt-has-2-columns kt-row-layout-equal kt-tab-layout-inherit kt-mobile-layout-row kt-row-valign-top\">\n<style>.kadence-column > .kt-inside-inner-col{border-top-width:0px;border-right-width:0px;border-bottom-width:0px;border-left-width:0px;}.kadence-column > .kt-inside-inner-col,.kadence-column > .kt-inside-inner-col:before{border-top-left-radius:0px;border-top-right-radius:0px;border-bottom-right-radius:0px;border-bottom-left-radius:0px;}.kadence-column > .kt-inside-inner-col:before{opacity:0.3;}.kadence-column{position:relative;}<\/style>\n<div class=\"wp-block-kadence-column\"><div class=\"kt-inside-inner-col\"><\/div><\/div>\n\n\n<style>.kadence-column > .kt-inside-inner-col{border-top-width:0px;border-right-width:0px;border-bottom-width:0px;border-left-width:0px;}.kadence-column > .kt-inside-inner-col,.kadence-column > .kt-inside-inner-col:before{border-top-left-radius:0px;border-top-right-radius:0px;border-bottom-right-radius:0px;border-bottom-left-radius:0px;}.kadence-column > .kt-inside-inner-col:before{opacity:0.3;}.kadence-column{position:relative;}<\/style>\n<div class=\"wp-block-kadence-column\"><div class=\"kt-inside-inner-col\"><\/div><\/div>\n\n<\/div><\/div>","protected":false},"excerpt":{"rendered":"<p>&nbsp; Avoimen yhteiskunnan puolesta Suomen Operaatio Libero ry puolustaa Suomen liberaalia demokratiaa, pohjoismaista hyvinvointiyhteiskuntaa sek\u00e4 eurooppalaista, kansainv\u00e4list\u00e4 avointa yhteiskuntaa. Liberon Suomi nojaa humaaniin sivistysperustaan. Operaatio Libero on puoluepoliittisesti sitoutumaton rekister\u00f6ity yhdistys, joka katsoo tulevaisuuteen toiveikkaasti. Teemme uusia avauksia yhteiskunnalliseen keskusteluun ruohonjuuritasolta valtakunnanpolitiikkaan asti. Edist\u00e4mme tasa-arvoa ja nostamme esiin uusia n\u00e4k\u00f6kulmia nettikeskusteluissa. SOME VOI LUODA YST\u00c4VYYTT\u00c4&#8230;<\/p>\n","protected":false},"author":1,"featured_media":1140,"parent":0,"menu_order":0,"comment_status":"closed","ping_status":"closed","template":"","meta":{"_kad_post_transparent":"","_kad_post_title":"hide","_kad_post_layout":"fullwidth","_kad_post_sidebar_id":"","_kad_post_content_style":"unboxed","_kad_post_vertical_padding":"hide","_kad_post_feature":"hide","_kad_post_feature_position":"","_kad_post_header":false,"_kad_post_footer":false,"footnotes":""},"class_list":["post-1009","page","type-page","status-publish","has-post-thumbnail","hentry"],"_links":{"self":[{"href":"https:\/\/operaatiolibero.fi\/index.php\/wp-json\/wp\/v2\/pages\/1009","targetHints":{"allow":["GET"]}}],"collection":[{"href":"https:\/\/operaatiolibero.fi\/index.php\/wp-json\/wp\/v2\/pages"}],"about":[{"href":"https:\/\/operaatiolibero.fi\/index.php\/wp-json\/wp\/v2\/types\/page"}],"author":[{"embeddable":true,"href":"https:\/\/operaatiolibero.fi\/index.php\/wp-json\/wp\/v2\/users\/1"}],"replies":[{"embeddable":true,"href":"https:\/\/operaatiolibero.fi\/index.php\/wp-json\/wp\/v2\/comments?post=1009"}],"version-history":[{"count":38,"href":"https:\/\/operaatiolibero.fi\/index.php\/wp-json\/wp\/v2\/pages\/1009\/revisions"}],"predecessor-version":[{"id":1198,"href":"https:\/\/operaatiolibero.fi\/index.php\/wp-json\/wp\/v2\/pages\/1009\/revisions\/1198"}],"wp:featuredmedia":[{"embeddable":true,"href":"https:\/\/operaatiolibero.fi\/index.php\/wp-json\/wp\/v2\/media\/1140"}],"wp:attachment":[{"href":"https:\/\/operaatiolibero.fi\/index.php\/wp-json\/wp\/v2\/media?parent=1009"}],"curies":[{"name":"wp","href":"https:\/\/api.w.org\/{rel}","templated":true}]}}